o*w, 4*d = -3*w + 7 + 18. Suppose -2*v = -d*b + 256 - 2, -b - 2*v + 61 = 0. What is the units digit of b?
3
Suppose -12645 = -8*x + 124468 + 127751. What is the tens digit of x?
0
Suppose 0 = 32*a - 18*a - 54250. What is the hundreds digit of a?
8
Let g = 28 + -70. What is the units digit of ((-72)/g)/(2/(-154)*-1)?
2
Let n be 24*((-1575)/(-20))/7. Suppose -3*u + 2 = 4*f, 14 = 4*f - 2*f - 5*u. Suppose -f*z - n = -7*z. What is the tens digit of z?
5
Suppose 2*g = 5*g + 60. Let q = -12 - g. Suppose q*v - 708 = -260. What is the tens digit of v?
5
Let o(n) = -195*n - 1201. What is the hundreds digit of o(-17)?
1
Let l(n) = n**2 + n + 14. Let c be l(-6). Let g = -48 + c. What is the units digit of -5*11*((-26)/5 - g)?
6
Let p = 179 + -110. Let v = p - 67. Suppose 4*q - 78 = -0*g + g, -v*q + 38 = -g. What is the tens digit of q?
2
Let d = -1241 - -4881. Suppose -47033 = -57*r + d. What is the units digit of r?
9
Let r be (21/63)/(3/1206). Suppose -223 = -3*i + 2*l - l, -r = -2*i - 3*l. What is the tens digit of i?
7
Suppose -26 = 5*d + 49. Let v be 6/(-2)*(-1 + (-220)/d). Let h = v + 113. What is the units digit of h?
2
Suppose -z - 16 = -96. Let a = -29 + z. Suppose -5*j = -20, 3*j + a = -o + 2*o. What is the tens digit of o?
6
Suppose 81*n = 78*n + 45. Suppose -n*k + 5805 + 3135 = 0. What is the tens digit of k?
9
Let l = 800 + -790. Suppose l*a = -30*a + 22600. What is the units digit of a?
5
Let c(u) = -u**2 + 20*u - 17. Let o(m) = 3*m + 31. Let j be o(-8). What is the tens digit of c(j)?
7
Let i = 11867 - 5294. What is the units digit of i?
3
Suppose -55552 = -4*g - 4*w, -125*g - 5*w + 41668 = -122*g. What is the hundreds digit of g?
8
Let l(z) = -z + 59. Let q be l(13). Suppose -9506 + q = -20*v. What is the tens digit of v?
7
Let p = 15603 + -7741. What is the thousands digit of p?
7
Let l(o) = 112*o**2 - 14*o + 58. Let c be l(7). What is the hundreds digit of c/10 + 8 + (-4)/5?
5
Let s(h) = h + 8. Let u be s(-12). Let o(q) = -103*q + 86. What is the hundreds digit of o(u)?
4
Let p = -44 - 34. Let r be (p/(-4))/((-7)/112*-12). Suppose 0 = -t - r + 91. What is the tens digit of t?
6
Let s(d) = 1262*d**2 + 18*d - 1. What is the thousands digit of s(-1)?
1
Let o(w) = 11*w**2 + 341*w - 48. What is the hundreds digit of o(-82)?
9
Let z = -238 - -238. Suppose z = -13*v + 9*v + 2*d + 1144, -855 = -3*v + 3*d. What is the hundreds digit of v?
2
Suppose 2*j - 3*y = -311, 4*j + 2*y + 611 = -3*y. Let d be j/11*(-1)/2. Suppose -4*q - 99 = -d*q. What is the units digit of q?
3
Let j(y) = 7*y**2 - 4*y + 19. Suppose 3*t - 6 = 4*t. What is the units digit of j(t)?
5
Let o(y) = y**3 + y**2 - y - 2. Let b be o(0). What is the units digit of (170 + b)*30/15?
6
Let r(y) = y**2 - 5*y + 170. Suppose 0 = -3*k - 5*k. What is the tens digit of r(k)?
7
Suppose 2*t - 5*t = -1590. Let x = -284 + 286. Suppose -7*y + x*y + 5*m = -t, 0 = -m + 5. What is the units digit of y?
1
Let f(q) = 19*q - 2. Let h be f(5). Suppose h*v = 94*v - 531. What is the units digit of v?
1
What is the thousands digit of ((-2101)/3)/(11/(-88)*20/15)?
4
Suppose 1137 = 6*x - 2793. Let q = 1165 - x. What is the tens digit of q?
1
Let h = -200 - -127. Let z = 77 + h. Suppose z*v = -4*i + 68 + 640, 4*i - 3*v = 680. What is the units digit of i?
3
Let j(n) = -13*n**3 - 3*n**2 - 7*n - 32. Let a be j(-3). Let t = 158 + a. What is the units digit of t?
1
Suppose -18253 = -8*m - 3845. Suppose -203*x = -204*x + m. What is the thousands digit of x?
1
Let f(i) = -93*i + 32. Let l(d) = 187*d - 62. Let x(a) = -5*f(a) - 2*l(a). What is the units digit of x(3)?
7
Let y = 72028 + -40754. What is the ten thousands digit of y?
3
Let s(d) = 29*d**2 + 31*d + 5. Let l be s(-15). Suppose 2*v + 3620 = 3*n, 5*n + 5*v - 2*v = l. What is the hundreds digit of n?
2
Let t be (((-32)/(-14))/2)/(12/42). Let z(h) = t*h + 2 - 9*h + 7*h + 4*h. What is the tens digit of z(9)?
5
What is the thousands digit of ((-54260)/60)/(6/36*-1)?
5
Let q(h) = -6*h**3 - 19*h**2 - 40*h - 329. What is the thousands digit of q(-17)?
4
Suppose 0 = 3*f + 5*u - 118 - 430, 4*f + 5*u = 739. Suppose -2*m = f - 51. Let r = m - -80. What is the tens digit of r?
1
Suppose 18 = 5*b + 2*z, -5*z + 12 = -2*z. Suppose 4*i + 5*x = 1459, b*i + 0*x - 2*x = 734. What is the tens digit of (i/15)/((-1)/(-5))?
2
Let r(j) = 15*j + 4*j + 10*j + 4 - 8*j - 2. What is the hundreds digit of r(5)?
1
Suppose 0 = 52*m + 448133 - 1402541. What is the thousands digit of m?
8
Let n = -1796 - -2005. What is the hundreds digit of n?
2
Suppose 2*x = 4, -42 + 10 = -2*h - 3*x. Let a(m) = -4*m + m + 0 + m**2 - 8. What is the hundreds digit of a(h)?
1
Suppose -2*o - 2 = -8, 0 = 3*m + 4*o - 6. Let g be -348 - (-5)/10*m. Let h = 540 + g. What is the units digit of h?
1
Suppose 12*p - 12968 - 2428 = 0. What is the hundreds digit of p?
2
Suppose 4*q = -2*s + 418, -3*q + 79 = 2*s - 232. Suppose 801 + 539 = 5*l + z, 0 = -5*l + 2*z + 1340. Let a = l - q. What is the units digit of a?
1
What is the ten thousands digit of 2 - (-8)/(8/47399)?
4
Let b be (3/(-3))/((-18)/126). Suppose 4311 - 10289 = -b*d. What is the hundreds digit of d?
8
Suppose -n - 16 = x, -4*x + n = -15 + 79. What is the tens digit of (-5070)/x - 1/(-8)?
1
Suppose -3*c - 2*c = -5*y + 410, 5*y = 3*c + 406. Suppose 33 = 9*h + 33. Suppose -4*b = -h*b - y. What is the tens digit of b?
2
Let z = 79 + -73. What is the tens digit of (31/(-2))/((-218)/36 + z)?
7
Suppose -3*l + 0*l = -5*l. Suppose l = -52*x + 45719 - 1831. What is the units digit of x?
4
Suppose 0 = 2*v - v + 2. What is the units digit of (-784)/v + 17/(51/12)?
6
Let p(o) = -4*o + 148. Let q be p(44). What is the tens digit of (-5642)/q - 3/2?
0
Let h = 226 - 328. Let n = h + 105. Suppose -n*b = -10*g + 5*g + 137, -2*b = 2*g - 42. What is the tens digit of g?
2
Let g be ((-3)/(-4))/((-29)/(-116)). Suppose 20*r - 25*r + 2591 = g*k, 0 = 2*k - 4. What is the tens digit of r?
1
Suppose -3*o = -2*u + 45, 0 = 4*u + 3*o + 2*o - 79. Suppose 1290 = -u*p + 31*p. What is the tens digit of p?
2
Let f = 7269 - 5146. Let j = f + -1483. What is the hundreds digit of j?
6
Suppose -72*u + 23*u = 71*u - 1776600. What is the ten thousands digit of u?
1
What is the units digit of 115/(-690) - 50107/(-6)?
1
Suppose 9*l - 47 = 187. Let n be (-5942)/(-12) + (l/12)/(-13). Let o = -267 + n. What is the tens digit of o?
2
Let h = -2537 + 11553. What is the hundreds digit of h?
0
Suppose 3771 = 10*p - 2879. Let x = 43 + p. What is the tens digit of x?
0
Let x = 60837 + -25491. What is the ten thousands digit of x?
3
Let q = -22 + 31. Suppose 0 = -2*c + 3 + q. Suppose -c*h = -109 + 13. What is the units digit of h?
6
Suppose -234*j + 80570 = -220*j. What is the tens digit of j?
5
Let w(j) = -j**3 + 14*j**2 - 12*j - 25. Let u be w(13). Let x be (-9)/(-3)*(-328)/u. Suppose 4*o + 58 = x. What is the units digit of o?
6
What is the units digit of 6/(-288)*6*-3416?
7
Let p(l) = 3*l**2 + 33*l - 43. Let h be p(-20). Let v = -290 + h. What is the units digit of v?
7
Suppose 9*f - 62*f - 568481 = -1824263. What is the units digit of f?
4
Suppose 3*z - 15846 = 2*q - 5*q, 4*q = -12. Suppose 23131 = 32*j - z. What is the tens digit of j?
8
Suppose 0 = 10*t + 779 - 3699. Suppose -69*l = -73*l + t. What is the tens digit of (-3)/((-15)/10)*l?
4
Let r(n) = 113*n**2 + 25*n + 483. What is the ten thousands digit of r(-10)?
1
What is the hundreds digit of 54710 + 14410/(-3537) + 4/54?
7
What is the units digit of -4172*9*(-14)/63?
4
Suppose -108*t = -3*h - 113*t + 14656, 0 = -2*h + 3*t + 9777. What is the thousands digit of h?
4
Let h(n) = -168*n + 4394. What is the hundreds digit of h(-33)?
9
Let a(x) = -5*x**2 - x + 2*x**2 + 463 - 6*x**3 + 5*x**2 + 5*x**3. Let v be a(0). Suppose 393 = 8*p - v. What is the hundreds digit of p?
1
Let q(k) = 3*k + 32. Let n be q(-12). Let u be (-3280)/(-35) + n/(-14). Suppose -w + 0*w + u = 0. What is the units digit of w?
4
Let w be 3 + -7 + 2 + 11. Suppose 0 = 8*l - w*l + 232. What is the hundreds digit of l/12*81/6?
2
Suppose 0 = 5*t + 10, 4*q + 4*t - 1692 = 272. Let y = -395 + q. What is the units digit of y?
8
What is the units digit of (16/48)/(26603/(-8868) + 3)?
6
Let m(q) = 15*q**2 - 6*q - 14. Suppose -2*s + 9 = -5*x + 8*x, 0 = s + x - 2. What is the units digit of m(